Give d(t).
-20
Let m(f) = 59*f - 5. Suppose -114*b - 4 = -122*b + 4. Determine m(b).
54
Let o(s) = 3*s - 23. Let w(l) = -2*l + 23. Let v(j) = -4*o(j) - 5*w(j). Give v(-15).
7
Suppose -10*k + 4 + 6 = 0. Let z be -7*((-10)/25)/(k/35). Suppose -10*i + z = 4*i. Let q(s) = s**2 - 7*s - 5. What is q(i)?
-5
Let d(g) be the third derivative of -1/6*g**4 - 1/2*g**3 + 1/120*g**6 - 1/20*g**5 + 0*g - 45*g**2 + 0. Determine d(4).
-3
Let w = 133 + -131. Let b(x) = -6*x + x**3 - 18475*x**2 + 3*x - w + 18480*x**2. Determine b(-3).
25
Let u(c) = -14*c**2 + 6*c + 1. Suppose 8*j - 31 + 23 = 0. Let p(r) be the first derivative of -r**2/2 + 5. Let n(z) = j*u(z) + 6*p(z). Determine n(-1).
-13
Let m(k) = -k**3 + k. Let u(v) = 0*v**2 - 3 + 7*v**3 + 2 + 3*v**2 - 5*v. Let h(x) = 6*m(x) + u(x). Suppose -5*c = -4*n + 108 - 155, -4*n - c = 5. Give h(n).
-4
Suppose 22*p - 143*p - 48*p = 43*p. Let i(o) be the third derivative of -1/24*o**6 + 0*o**4 - 31*o**2 + 0*o**5 + 0*o + 0 + p*o**3. Calculate i(-1).
5
Let w(h) = -h**2 - 8*h - 5. Suppose 3*a - 71 = 46. Let j = -44 + a. Let i(o) = -3*o**2 - 17*o - 11. Let u(f) = j*w(f) + 2*i(f). What is u(7)?
-4
Suppose 2*y = 13*y + 2024. Let h = y + 182. Let g(f) = -f**3 + 2*f**2 + f. Calculate g(h).
14
Let r = 7395 - 7401. Let x(w) = -w**3 - 5*w**2 + 10*w + 17. Calculate x(r).
-7
Let g(m) = -26*m**2 + 105*m**2 - 7*m + 2 - 39*m**2 - 39*m**2. Let d(j) = 3*j + 2. Let r be d(1). What is g(r)?
-8
Let o = -110 + 129. Let u(p) = -17 + 41 - o - 12 - p. Determine u(-3).
-4
Suppose -2*a = 2*k - 5*a - 13, -a - 21 = -4*k. Let s = 0 + k. Let t(x) = 2*x**2 - 5 + 6*x**2 + 8*x - 4*x**2 - x**3 + 0*x**2. Give t(s).
10
Let m(j) = -2*j**2 + 2*j + 6. Suppose 17*v - 260 = 4*v. Suppose 0 = -41*d - 184 + v. Determine m(d).
-34
Let f(d) = 59*d + 25. Let m(g) = 49*g + 22. Let k(a) = 5*f(a) - 6*m(a). Calculate k(2).
-5
Let x(r) = -2*r**2 - 1. Let u(z) = -4*z**2 - z - 3. Let c(w) = 2*u(w) - 5*x(w). Suppose 253*h = 257*h + 2*q - 12, -31 = -h - 4*q. Give c(h).
3
Let y(v) = v**3 + 3*v**2 - 4*v + 1. Suppose -5*w + 63 = 88. Let r(z) = 63*z + 311. Let x be r(w). Calculate y(x).
1
Let k(r) = -r**3 + 3*r**2 - 1. Let h(m) = -12*m**3 + 16*m**2 - m - 4. Let i(q) = h(q) - 11*k(q). Determine i(-17).
24
Let n be (30/(-8) - 0) + 434/56 + -7. Let w(g) = -3*g**3 + g**2 - g + 6. Determine w(n).
99
Let d(i) = i**3 + i**2 + i + 1. Let n(c) = -7*c**3 + 4*c**2 - 5*c - 17. Let k = 16 + 2. Suppose 0 = -2*z + k - 6. Let q(x) = z*d(x) + n(x). Determine q(10).
-1
Let l(x) = -178 - 196 + 372 + 11*x + x**2 - 5*x. Let q = 2 + -9. What is l(q)?
5
Let b(u) = 2*u**2 - 6*u - 2. Let t be 1 + -9 - 0 - -10. What is b(t)?
-6
Let s(j) = 11*j**3 + 16*j**2 - 22*j + 7. Let f be s(1). Let n(l) be the first derivative of -9/2*l**2 + 0*l + f. Give n(-1).
9
Let l(h) = -h**2 - 30*h + 14. Let m(b) = -b**2 - 11*b. Let a(u) = -l(u) + 2*m(u). Determine a(4).
2
Suppose -380 = -12*i + 868. Suppose 22 = 7*t - i. Let a(s) = -3*s + t + 11 + 14 - 44. What is a(-7)?
20
Let c(k) = k**2 + k. Let f be ((-6)/24)/(2/(-8)). Let v(l) = -3*l**2 + 2*l. Let p be v(f). Let q(x) = 4*x**2 + 9*x - 6. Let n(a) = p*q(a) + 3*c(a). Give n(-7).
-1
Let g = -38 + 59. Suppose -2*f = -61 + g. Let v be -20 + f - (0 - 6). Let s(q) = q - 2. Give s(v).
4
Suppose -2*f + 186 = 5*h, 3*f - 64 = -2*h + 226. Let u(c) = -f*c + 43*c - 3 + 40*c - 14*c**2 + c**3. What is u(15)?
-3
Let m(z) = -z**3 + 8*z**2 + 13*z - 22. Let v = 1051 - 1042. Give m(v).
14
Let l(v) = 366 + 675 + 56*v - 1382. What is l(6)?
-5
Let f(l) = 1 + 2 - 1 + 2*l - 1. Suppose 0 = -15*d - 2483 + 2513. Calculate f(d).
5
Let t(o) = -o**3 + o - 3. Let f be (-76)/(-28) + (5/(-7) - -1). Let x(a) = 403*a - a**3 + 18 - 412*a + f*a**3 - 11*a**2. Let g be x(6). Give t(g).
-3
Let p(n) = -3*n**2 + 13*n - 4. Let w(t) = -33*t - 95. Let f be w(-3). Determine p(f).
0
Let a(c) = -1108 + 277 + 283 - 39*c + 274 + 279. What is a(-2)?
83
Let w(y) = -17*y**2 + 545*y - 8. Let p be w(32). Suppose k - 4*b = -17 - 4, 2*b + 33 = -k. Let q = k + p. Let u(t) = t**2 + 5*t + 2. Calculate u(q).
2
Let k(s) = -78400827*s**2 + 78400830*s**2 - 12 - s**3 + 5*s + 3. Give k(5).
-34
Let k(p) = -9*p**2 + 12 - 729*p - 71 + p**3 + 363*p - 18*p**2 + 368*p. What is k(27)?
-5
Let m(r) = 4*r**3 + 2*r. Let t(d) = -26*d**3 - 7*d**2 - 11*d - 7. Let g(z) = 6*m(z) + t(z). Determine g(-5).
63
Let b = 1 + -6. Let m(i) be the first derivative of -i**4/4 - 7*i**3/3 - 9*i**2/2 + 11*i - 81329. Give m(b).
6
Let d(z) = 3*z**3 - 19*z**2 - 6*z - 4. Let g(p) = -p**3 + 9*p**2 + 3*p + 2. Let l(c) = -6*d(c) - 13*g(c). Suppose 38*k - 15*k = -46. What is l(k)?
32
Suppose 5*x - 282 = 1108. Let p(w) = -w + 0*w + 0*w - x + 255. What is p(-12)?
-11
Let v(g) = -6*g + 7*g**3 - 6*g**3 + 10*g**2 - 6*g**2 - 6. Suppose 296 = -42*y - 60*y - 316. Give v(y).
-42
Let u(q) = -q**2 - q + 1. Let p be u(0). Let c(h) be the first derivative of -h**3/3 - h**2/2 + h - 76582. What is c(p)?
-1
Suppose -10*k + 40*k = 90. Suppose 112 = k*z + 25*z. Let m(a) = a**2 - 4*a - 5. Determine m(z).
-5
Let k(u) = -3 + 2*u + 0*u**2 + u**2 - 1 + 2. Let j = -258 + 263. Suppose 0 = 5*y + j*q - 35, -3*y = 11*q - 7*q - 26. Determine k(y).
6
Let u(a) = -8*a + 1. Let m(v) = 17*v - 1. Let g be (-17)/3 + 7/(-21). Let k(i) = g*m(i) - 13*u(i). Let j(z) = -3*z + 14. Let r(d) = -3*j(d) - 5*k(d). Give r(0).
-7
Let g = -51 - -53. Suppose -8*v - g = -9*v. Suppose 2*m + 2*f + 6 = 0, 5*f - 13 = v. Let c(k) = k - 5. Give c(m).
-11
Let h be 1/1*6/(-2)*-3. Let y be (6/(-5))/(h/(-30)). Let k(z) = 0*z - y - 2*z - 2*z + 5*z**2 - 4*z**2. Calculate k(3).
-7
Let v(x) = -3*x + 6. Let j be v(-1). Let u(o) = j + 3 - 6 + 3*o + 1. Give u(-6).
-11
Let c(n) = -3*n + 2 - 172098*n**2 + 6 + 0 + 172097*n**2. What is c(-5)?
-2
Suppose 0 = -k + 5*g - 17 + 46, -3*g = 15. Suppose -2*q - 2*p + 8 = -6, -15 = -3*p. Let o(m) = m**3 - 9*m**2 + 2 + 3*m - 2*m + 5*m**q. What is o(k)?
6
Let l(p) = p**2 + 6*p + 6. Let v(s) = s**2 + 6*s + 7. Let t(o) = 5*l(o) - 4*v(o). Suppose -g - 4*y + 13 - 1 = 0, 0 = -g - 3*y + 8. Calculate t(g).
-6
Let n(l) be the third derivative of -l**6/120 - l**5/10 - 5*l**4/24 - 2*l**3/3 - 465*l**2. What is n(-5)?
-4
Let y be (-36)/(-198) - (-106)/22. Suppose -r + 24 = y*r. Suppose 4*f - 24 = -r*i, -4*f - 4*i + 20 = -i. Let c(v) = -v**3 + 2*v**2 + 1. Calculate c(f).
1
Let l be 1 + (1 - -2) + -17. Let c be (0/(-1 - -2))/(l - -12). Suppose -4*b - 3 + 19 = c. Let h(f) = f**3 - 4*f**2 - 2*f + 3. Determine h(b).
-5
Let i(m) = -3*m**3 + 26*m**2 + 8*m + 1. Let z be i(9). Let u be (z/(-6))/((-11)/297*-6). Let o(d) = 0*d - 6 + 0 + 3 + 2*d. What is o(u)?
9
Let l(x) = x - 46*x**2 - 18*x**2 + 78*x**2 + 1. Let d = -9 + 8. Determine l(d).
14
Let k(u) be the third derivative of -u**6/120 - 7*u**5/30 + 7*u**4/12 - 25*u**3/6 + 3*u**2 - 130. What is k(-15)?
-10
Let p(o) = -12*o**2 + 69*o. Let l(n) = 9*n**2 - 51*n. Let d(a) = -3*l(a) - 2*p(a). What is d(6)?
-18
Let t(v) = 10*v**2 + 3*v - 5. Let q(c) = -28*c**2 - 22*c - 58. Let h(p) = q(p) + 3*t(p). Give h(-4).
11
Suppose 3 = 2*d - 5. Let n(h) be the second derivative of h**4/12 - h**3/2 + h**2/2 - 311*h. Calculate n(d).
5
Let w(t) = 2*t + 5. Let p(o) = -1. Let z(n) = -2*p(n) - w(n). Let v(u) = -u**3 + u**2 + 2*u - 5. Let r be 2 + 4 - (2 - -2). Let g be v(r). Determine z(g).
7
Let d be 42/(-8)*10/175*-20. Let v(t) = 7*t + 18. Calculate v(d).
60
Let i(l) = l**3 + 5*l**2 - 6*l - 6. Suppose 18*u - 183 = 33. Suppose 0 = 5*z - o - 0*o - 3, -3 = 5*z + o. Suppose 2*b + z*b + u = 0. Determine i(b).
-6
Let t = 36 - 39. Let h(s) = -2*s. Let j be h(t). Let w(r) = 3*r**3 - 4*r**2 + 2. Let d(n) = 7*n**3 - 7*n**2 + 5. Let u(z) = -2*d(z) + 5*w(z). What is u(j)?
0
Let o(w) = 3*w**2 + 20*w + 4. Let i(p) = -2 - 1 - p**2 - 7*p + 2 + 0*p. Let a(l) = 11*i(l) + 4*o(l). Let g(c) = c**2 + 17*c + 68. Let v be g(-9). What is a(v)?
9
Let v = -134 - -115. Let s(i) = i**2 + 25*i + 117. Let q be s(v). Let c(b) = b**2 - 4*b. Give c(q).
-3
Let j(h) = -53*h**3 - 22*h**2 - 5*h - 13. Let c(s) = 16*s**3 + 7*s**2 + 2*s + 4. Let o(x) = -10*c(x) - 3*j(x). Determine o(-5).
49
Let v(s) = s**3 - 21*s**2 + 22*s + 5. Suppose c + 0 + 20 = -5*k, 3*k + 4 = -c. Calculate v(c).
45
Let c(z) = -z**3 - 15*z**2 - 28*z - 16. Let g be -17 - ((-4)/3)/((-48)/18 + 3). What is c(g)?
10
Let f(b) = 7*b**3 - 7*b**2 - 11*b + 2. Let j(w) = 19*w